it of h?
7
Let x(m) = 863*m**2 + 27*m + 83. What is the hundreds digit of x(-3)?
7
Suppose 11*q - 110 + 110 = 0. Suppose k + 2*w = 450, q = -3*k - w - 4*w + 1347. What is the hundreds digit of k?
4
Suppose -3 = -4*z + 3*z. Suppose -3*k - 6*k + 45 = 0. Suppose -k*q + z*q + 178 = 5*b, 2*q - 190 = b. What is the units digit of q?
4
Let q = 11418 - 7952. What is the hundreds digit of q?
4
Suppose 0 = 5*k - q - 5, 4*k + 5 = -2*q + q. Suppose -5*b + k*a + 151 = -2*a, 6 = -2*a. Let g = b + 3. What is the tens digit of g?
3
What is the hundreds digit of 2008918/164 - 20/(-8)?
2
Let w(z) = 6*z + 13. Let j be w(-2). Let d be 0 + j/(-2) + (-12)/24. What is the tens digit of 2 + 3/d - -171?
7
Let l = -301 - -337. What is the units digit of -6*49/(-84)*l?
6
Suppose -1 = 2*b - 5. Suppose b*s = 0, -4*s = 2*z + 1 - 5. Suppose g - 6 = -4*t + z, -3*t = 15. What is the tens digit of g?
2
Let w(q) = 66*q**2 + 2*q + 12017. What is the hundreds digit of w(0)?
0
Let g = 29 + -129. What is the hundreds digit of (g/30)/(6/(-225))?
1
Suppose 15 = -q - 4*q, -p = q + 12. Let z(j) = -48*j - 3. What is the hundreds digit of z(p)?
4
Let o(g) = -8*g**2 + 39*g + 21. Let r(i) = 3*i**2 - 13*i - 7. Let u(x) = 6*o(x) + 17*r(x). What is the units digit of u(-14)?
3
Let x be (-2)/3*179*-6. Suppose -3*f - y = -x, 2*f + 0*f = -y + 476. Suppose u + u - f = 0. What is the units digit of u?
0
What is the units digit of 124/30 + -4 - ((-264412)/60 - -1)?
6
Let q(a) = 4*a**3 + a - 10. Let v be q(-4). Let t = v - -754. What is the hundreds digit of t?
4
Suppose 582*s - 550*s - 322752 = 0. What is the thousands digit of s?
0
Let i = 30 - 30. Suppose 0*y + 3*y - 12 = i. Suppose -y*b + 31 = -81. What is the units digit of b?
8
Suppose -2*x - 40 = -4*o, -o - 2*x + 59 = 4*o. Let f be 2/11 + 20/o. Suppose -3*n + f*n + 161 = 5*d, n = 3*d + 137. What is the hundreds digit of n?
1
Suppose -13*b = -9636 - 8772. Suppose 14*k - b = 6*k. What is the units digit of k?
7
Suppose -25*z - 5*b + 8409 = -24*z, 0 = 2*z - 2*b - 16746. What is the thousands digit of z?
8
Suppose 8*g + 3*b = 4*g + 4586, -3*b = 2*g - 2290. Suppose -4158 = -2*w - g. What is the hundreds digit of w?
5
Let x be 24*((-33)/6 - -6). Suppose -4781 = -x*q - 929. What is the units digit of q?
1
Let d = 91 - 10. What is the tens digit of 6/((d/(-105))/(-9))?
7
Suppose -2*z + 28590 = d, -914*d + 913*d - 5*z + 28590 = 0. What is the ten thousands digit of d?
2
Let i(b) = 12*b - 13. Let r be i(5). Let x = r + -59. Let n = 84 + x. What is the units digit of n?
2
Suppose -4*r = -8, 0 = 5*q + 2*r - 6989 - 135210. What is the units digit of q?
9
Suppose -107*j + 106*j + 5 = 0. Suppose 0 = -3*d - 3*m + 1188, -j*d + 880 = 3*m - 1100. What is the hundreds digit of d?
3
Let n(k) = k**3 + 3*k**2 + 2*k + 1. Let i be n(-2). What is the units digit of (462 - i) + (-9 - -2)?
4
Let a(q) = -3*q - 12. Let m be a(-3). What is the tens digit of (23738/(-44))/(m/((-6)/(-1)))?
7
Suppose -8*h = 4*c - 5*h - 4, 24 = 2*c - 4*h. What is the tens digit of 407 + 12 + (-5)/(10/c)?
1
Let f(j) = -2*j**2 - 2*j + 8. Let i(c) = c - 1. Let r(g) = -f(g) - 8*i(g). Let v be r(3). Suppose v = 5*h + h - 306. What is the units digit of h?
1
What is the ten thousands digit of 2/((-88541)/(-8854) + -10)?
1
Suppose 4*j - 6*j - 28 = 5*v, -v = -j. Let i = 7 + j. Suppose 34 = 5*d + i*a, 0 = 3*d - 0*a - a - 26. What is the units digit of d?
8
Let l be (-32)/12*3*3/(-6). Let w be (36/(-3) + l)/(-1). Let p = 2 + w. What is the units digit of p?
0
Let d(n) = -48*n - 181. Let i(b) = -b + 4. Let j(y) = d(y) - 4*i(y). What is the tens digit of j(-8)?
5
Let u be 0 + ((-63)/6)/(-7)*2. Suppose u*q - 4*q = -2*k - 2, 5*q + 3*k = 36. What is the units digit of ((-3)/q)/((-173)/86 - -2)?
3
Let f(b) = 2*b**2 - 4*b - 20. Let l be f(5). Suppose 0 = 5*h - 5*m - 40, 3*h + 3*m - 12 = 2*h. Suppose h*c - l = 4*c. What is the units digit of c?
2
Suppose 625 = -h + 635. What is the units digit of 202 + 3 + 5/(25/h)?
7
What is the tens digit of -5 - -2*(11 - -1142)*(-3)/(-1)?
1
Let h be -3 - (-3 + -2) - 3. What is the units digit of 782/(-3)*(-7 + (-4)/h)?
2
Suppose 4*k - g - 8102 = 4*g, 4*g = 4*k - 8100. What is the tens digit of k?
2
Suppose 14*x + x - 4*x = 186461. What is the tens digit of x?
5
What is the ten thousands digit of 18/(-27) + ((-1)/(-7) - 711618/(-63))?
1
Let y(b) = 5*b**2 - 9*b + 5. Let j be -1*(-1 + 0)*2 - 1. Let u be j + (-2)/10*-5. What is the units digit of y(u)?
7
Let d(q) = 13*q**2 + 8*q + 12. Let c be d(6). Let t = -419 + c. What is the tens digit of t?
0
Let o be 2*(-3)/(-21)*14. Suppose -5*r + 184 = o*k, -r + 149 = 3*k - 0*r. Let h = 105 - k. What is the units digit of h?
4
Let o = 1543 + -990. Let w = -366 + o. Let q = w + -84. What is the units digit of q?
3
Let c be 1/(-2 - (-1)/1). Let b = -43 - -52. What is the units digit of b/(c*(-9)/42)?
2
Let s be 16/(-6)*(0 - 60/8). Suppose -19*a + 17*a = s. Let g(n) = n**3 + 12*n**2 + 2*n - 2. What is the tens digit of g(a)?
7
Let l(g) = g**3 + 1. Let h be (5 + (-21)/6)*(-1 + 3). Suppose 0 = h*a + 3*x - 15, 5*a + 11 + 4 = 3*x. What is the units digit of l(a)?
1
Let a(t) = t**3 + 16*t**2 - t + 18. Suppose 2*d + 2 = 3*f - 34, -d + 3*f = 21. What is the tens digit of a(d)?
5
Let y = 85193 - 25871. What is the ten thousands digit of y?
5
Suppose 2 = -16*v + 2. Suppose v = 3*p + 549 - 1275. What is the hundreds digit of p?
2
Suppose 5*r + 159 = -5*p + 2999, 5*r = 4*p + 2795. Let f = -194 + r. What is the tens digit of f?
6
Suppose 12*i - 39 = 369. Suppose 0 = 38*u - i*u - 2284. What is the hundreds digit of u?
5
Let r(g) = -58*g + 264. What is the thousands digit of r(-15)?
1
Let u(v) = 5*v**2 - 20*v + 5. Let r be u(4). Suppose 10 + 59 = 23*o. Suppose r*b + 491 = 2*q, o*q = 5*b + 743 - 14. What is the tens digit of q?
3
Suppose -1 = 2*l - 5. Suppose 3*j - 4*o = 22, l*o + 0*o = 2*j - 12. Suppose 4*x = j*x + 172. What is the tens digit of x?
8
Suppose 2*u - 5*d + 15 = 3, -3*d - 12 = 2*u. Let l(p) be the second derivative of p**4/3 + p**3/2 + 9*p**2/2 + 992*p + 1. What is the units digit of l(u)?
5
Suppose -o + 13990 = d, 608*d + 27974 = 610*d + 3*o. What is the hundreds digit of d?
9
Let p = 195 - 313. Let s be (-11)/(-44) - (p/8)/1. Suppose -3*i - 1524 = -s*i. What is the tens digit of i?
2
Let c(v) be the third derivative of -17*v**6/30 + v**5/20 - v**3/6 + 90*v**2. What is the units digit of c(-1)?
0
Let q be 3/(-12) - 196/(-16). Let r = -10976 + 1057. What is the tens digit of (r/42)/(-13) + (-2)/q?
1
Let i(v) = -2*v**3 + 4*v**2 + 4*v + 8. Suppose 22 + 47 = 2*c - o, 2*c = -5*o + 75. Let f = -38 + c. What is the tens digit of i(f)?
8
Let a be (-3 - -5 - 8) + 1861 + 7. What is the hundreds digit of ((-11)/((-22)/4))/(4/a)?
9
Suppose 460*i - 484*i + 135168 = 0. What is the hundreds digit of i?
6
Let u be ((-80)/(-90))/((-29)/(-9) + -3). Suppose -4*z + 2666 = -v, z + 2*v - 670 = u*v. What is the units digit of z?
6
Let i(c) = -2*c**3 - 11*c**2 - 262*c + 28. What is the hundreds digit of i(-12)?
0
What is the hundreds digit of (70 - (-15 + 3))/(6/15)?
2
Suppose 2*f - 3*m - 24 = -m, 0 = f - 3*m - 12. Suppose f*j - 6*j = 1938. What is the tens digit of j?
2
Let z(m) = 6*m**3 + 3*m**2 - 5*m - 6. Let g(w) = 5*w**3 + 3*w**2 - 4*w - 5. Let b = 12 + -17. Let n(f) = b*g(f) + 4*z(f). What is the tens digit of n(-5)?
5
Let m = -152 + 105. Let n = 47 + m. Suppose 7*v = 2*p + 2*v + 5, n = p - 2*v. What is the units digit of p?
0
What is the tens digit of (-90)/75*-5495 + -15?
7
Suppose 0 = d + 4*m + 8 + 7, 5*d = 3*m + 17. Let t be d - 6/(-9) - (-3)/9. What is the units digit of (t*(-7)/(-21))/((-4)/(-150))?
5
Suppose 41*u = 46*u + 165. Let i be (u/6)/((-3)/(-54)). Let s = 145 + i. What is the units digit of s?
6
Let z(t) = 5*t**3 + 14*t**2 + 11*t - 10. Let i(q) = q**3. Let k(h) = -4*i(h) + z(h). Let a be (-37 - 20/(-5))*(-3)/(-9). What is the hundreds digit of k(a)?
2
Let p(j) = 4 - 4*j**2 - 3*j - 9*j**2 + j**2 - 4*j**3. Suppose -d = 2*q + 9, -2*d + q - 7 - 1 = 0. What is the tens digit of p(d)?
1
Suppose 33885 = 10*t - 40273 + 7878. What is the units digit of t?
8
Suppose 313343 = 15*m + 12*m - 154270. What is the tens digit of m?
1
Suppose 0 = -2*u + 36 + 20. Suppose -18 = 2*v - u. Suppose -k - v = -71. What is the tens digit of k?
6
Let z(b) = -183*b +